ed by 15*(-4)/(x + -3).
10
Suppose h = 2*y + 22, 5*y - 2*y + 63 = 4*h. Suppose 9 + h = w. Suppose -4*t + 46 = k - w, 2*t + 49 = k. Calculate the remainder when k is divided by 14.
13
Let l = -253 - -426. Calculate the remainder when (8 - l/4)/(6/(-16)) is divided by 34.
26
Let u = -7 - -7. Suppose 5*m = -u*m + 155. Suppose 4*n + d - 36 = 0, -56 = -0*n - 5*n - 4*d. What is the remainder when m is divided by n?
7
Let m be (1*(-1 - 0))/(18/(-36)). Suppose -m*v + 175 = 67. What is the remainder when v is divided by 12?
6
Calculate the remainder when 118 is divided by 10382/261 + 7/(63/2).
38
Let o be (-694)/(-6) + (-2)/(-6). Suppose -2*i + 4*i - o = -4*f, -f = 2*i - 29. Let s(z) = z**2 + 33*z - 150. What is the remainder when s(6) is divided by f?
26
Let c(w) = 41*w - 111. What is the remainder when 279 is divided by c(5)?
91
Let a(f) = f**3 - 7 + 3*f - 1 + 2 - 5*f + 15*f**2. Suppose -2*j + 127 = 37. What is the remainder when j is divided by a(-15)?
21
Suppose 3*b + 16 = 4*h, 4*h - 5*b - 8 + 0 = 0. Let v(t) = t**3 - 9*t**2 + 13*t + 9. Calculate the remainder when v(h) is divided by 1.
0
Let c(o) = 2*o**2 + 43*o - 184. Suppose 0*d - 4*d + 12 = 0. Suppose 0 = -0*x + d*x - 24. What is the remainder when c(4) is divided by x?
4
Suppose -8*g + 1485 - 453 = 0. What is the remainder when g is divided by 11?
8
Suppose -8*y = -7*y - 103. Let r = y - 69. What is the remainder when 131 is divided by r?
29
Let v = 2455 + -2385. Suppose 5*r - 94 = -3*j - j, 0 = -3*r + 5*j + 49. Calculate the remainder when v is divided by r.
16
Suppose 2*y = -2*l + 7*y + 133, y + 344 = 5*l. Calculate the remainder when 348 is divided by l.
3
Let d be (-32)/(-128) + (5/(-4) - 0). Calculate the remainder when 17 is divided by (d/(-2))/((-1)/54*-3).
8
Let x = -3 + 1. What is the remainder when ((-4)/6)/((-22)/2145) is divided by 2/3*(-51)/x?
14
Let p = -351 + 369. Calculate the remainder when 34 is divided by p.
16
Suppose 4*i = -4*g + 96, -i - 3*i = 5*g - 121. What is the remainder when g is divided by 12?
1
Let r = -3 + 13. Suppose v - 2*c = 78, 7*c = -5*v + 2*c + 345. Let y = -43 + v. Calculate the remainder when y is divided by r.
9
Let x = -95 + 231. Suppose 0 = 5*y + 5*b - 120, 3*b = -4*y + 9*y - x. What is the remainder when 103 is divided by y?
25
Suppose -3*f = f - 88. What is the remainder when 51/(-4)*(1 - f/6) is divided by (-5 + 3)*(-6 - 0)?
10
Let n(q) = 12*q - 267. What is the remainder when 31 is divided by n(24)?
10
Suppose 11*u - 6*u = 20. Suppose 0 = -5*g - u*v + 224, 2*v = -2 + 4. Calculate the remainder when 173 is divided by g.
41
Let d = -44 + 30. Calculate the remainder when 40 is divided by 2400/168 - (-4)/d.
12
Let p(v) = v**2 + 12*v - 8. Calculate the remainder when p(5) is divided by (-15)/(-10)*52/3.
25
Let o(y) = 5 + 0 - 3*y + 4*y + 11. What is the remainder when 50 is divided by o(3)?
12
Suppose 11*w - 4 = 9*w. Let t(d) = -d**3 + 5*d**2 - 2 + d - 4*d**2 + d**2 - w. What is the remainder when 18 is divided by t(-2)?
8
Let n be 27/54*(6*1 + 0). Suppose 5*k + n*o - 240 = 8*o, -2*k = 3*o - 101. Calculate the remainder when k is divided by 13.
10
Let y = 470 + -446. What is the remainder when 49 is divided by y?
1
Let d(x) = -2*x + 0*x + 6*x - x - 6. Suppose 0 = 4*t - w - 28, -5*w = 3*t - 3*w - 32. Calculate the remainder when d(t) is divided by 5.
3
Let v(y) = -56*y - 105. What is the remainder when v(-5) is divided by 14?
7
Let d be (-2)/(-6) + (-50)/6. Let o = d - -27. What is the remainder when o is divided by 11?
8
Suppose 5*z + 5*y + 125 = 0, z - 3*y + 40 = -7*y. Let x = z - -35. Suppose 4*n - 4*q - 71 = 41, -84 = -3*n - 2*q. What is the remainder when n is divided by x?
13
Suppose -d - 2*l = 3*l - 36, 4*d + 5*l - 159 = 0. What is the remainder when 343 is divided by d?
15
Let m(r) = r**3 + 10*r**2 + 8*r - 6. Suppose 3*a - 2*o = 55, 4*a - 2*a = -3*o + 54. Suppose -3 = -2*z - a. What is the remainder when 4 is divided by m(z)?
1
Suppose -6*a - 26 = -38. Let m = -10 + 11. Let z = a + m. Calculate the remainder when 9 is divided by z.
0
Let i = 2367 + -2139. Calculate the remainder when i is divided by 10.
8
Calculate the remainder when 42/35*155 - 1 is divided by 21.
17
Let z = -276 + 364. Calculate the remainder when z is divided by 45.
43
Suppose 2*a - 13 = -3. Suppose 2*m - 2*b - 3*b = 43, a*b = -3*m + 77. What is the remainder when 69 is divided by m?
21
Suppose 6*i + 4 = 34. Suppose -289 + 104 = -i*a. Calculate the remainder when a is divided by 13.
11
Let p = 10 + -13. Let a be p/(-18) + (-429)/(-18). Suppose -5*t = -a - 26. What is the remainder when 16 is divided by t?
6
Suppose -7*y + 48 + 204 = 0. What is the remainder when 41 is divided by y?
5
Suppose 196 = 24*t + 28. Suppose 6*i = -18 + 54. Calculate the remainder when t is divided by i.
1
Suppose -21*o + 195 + 15 = 0. What is the remainder when 37 is divided by o?
7
Suppose -2*t - 136 = -4*n - t, n - 34 = -t. Suppose 5*r = -26 - n. Let b = -1 - r. What is the remainder when b is divided by 3?
2
Let m = -14 - -18. Suppose 5*b = 2*b + 18. What is the remainder when b is divided by m + -1 + 7 + -7?
0
Let k = 2541 - 2523. Calculate the remainder when 67 is divided by k.
13
Let n = -440 + 444. Suppose 4*r + 0*u + 1 = -5*u, 5*r = 4*u + 50. Calculate the remainder when r is divided by n.
2
Let s(a) = a**3 - 13*a**2 + 8*a + 9. Let v be s(12). Let y = v + 7. Calculate the remainder when -2 + y/(-4) + 1 is divided by 5.
2
Suppose 4*s = -4*c + 88, -2*c = 4*s - 3 - 31. Let z = -7 - -33. Suppose 2*f - q + 2*q - z = 0, 0 = -2*q - 8. Calculate the remainder when c is divided by f.
12
Let y = 10 + 18. Suppose -3 = g, g + y = 4*b + 5*g. Calculate the remainder when 35 is divided by b.
5
Suppose 2*g = -0 + 28. Let n be (-20 + 0)/((-2)/12). Suppose 0 = -3*k + 5*o + n, 94 + 26 = 3*k - 2*o. Calculate the remainder when k is divided by g.
12
Let b(x) = -x + 32. Let r be b(0). Let u = r - 25. Calculate the remainder when 19 is divided by u.
5
What is the remainder when 258 is divided by 185/10*(-4)/(-2)?
36
Let c(j) be the second derivative of -j**3/6 + 3*j**2 - 4*j. Calculate the remainder when c(-9) is divided by 9 - 3 - (0 + 0).
3
Let i(d) = -d**3 + 11*d**2 - 8*d - 3. Let h(n) = 2*n**2 - 2*n + 2. Let z = 8 + -6. What is the remainder when i(10) is divided by h(z)?
5
Let t(y) = -28*y + 15. Let a = 23 + -29. What is the remainder when t(a) is divided by 37?
35
Let z(y) = 11*y**3 - 3*y**2 + 3*y - 1. Let h be z(1). Suppose 20 = -8*s + h*s. Suppose n - s - 3 = 0. What is the remainder when 64 is divided by n?
12
Let q be 2/9 + (-4 - (-750)/27). Calculate the remainder when (1160/(-50))/(q/(-10) + 2) is divided by 30.
28
Suppose 5*b = x + 43, -5 = -b + 3*x - x. Suppose -4*k + 8 = p, -2*p + 8 = 2*k - 14. Calculate the remainder when p/(-2)*8/(-3) is divided by b.
7
Suppose 644*r - 42 = 642*r. What is the remainder when r is divided by (-1)/(-1) - (-5 + 0)?
3
Let f(y) = 8*y**3 + y**2 - 8*y + 2. Let p be f(3). Suppose -4*n = 4*s - 300, -3*s + 2*n + 42 = -p. Calculate the remainder when s is divided by 10.
9
Suppose -2141 = -3*j + 5*b, -5*b = -2*j + 4*j - 1419. What is the remainder when j is divided by 55?
52
Let l = -42 + 86. Let w = 20818 + -20798. What is the remainder when l is divided by w?
4
Let q(u) be the third derivative of u**5/60 - u**4/12 - u**3/6 - 12*u**2. What is the remainder when 89 is divided by q(-4)?
20
Suppose 3*v = -2*v + 5*b + 275, 2*v - 4*b = 118. What is the remainder when v is divided by 29?
22
Let y(m) be the first derivative of 3*m**3 + m**2 - m + 12. Calculate the remainder when 17 is divided by y(1).
7
Suppose -2*x = -2*f - 0*x, -5*f + 4*x = -3. Suppose -2*l = 4*n - 110, 5*n + 48 = -2*l + f*l. What is the remainder when l is divided by 14?
11
Let r = 78 - 55. Calculate the remainder when r is divided by 4/((-1)/3*-3).
3
Suppose -4*w = -5*w - 2*m, 22 = 5*w - m. Let u(f) = f**3 - 2*f**2 - 2*f - 13. What is the remainder when 27 is divided by u(w)?
5
Suppose -2*c + 196 = 2*c. What is the remainder when c is divided by 7 + -1 + 11 - (0 - -4)?
10
Suppose -2*s + 18 = y, -y + 2*s = y - 12. Suppose 19*j + 310 - 994 = 0. Calculate the remainder when j is divided by y.
6
Let d(o) = -166*o + 1168. What is the remainder when d(5) is divided by 4?
2
Let h(y) = y**3 - 14*y**2 - 7*y - 63. Calcu